 factor of 4 and t.
2
Let b be (18/(-4))/(2/(-4)). Let q = -4 - -6. Suppose -3*x + q*x = -b. Calculate the highest common factor of x and 1.
1
Let a(k) = -2*k + 1. Let h be a(-7). Let c be (-19)/(-4) - 2/(-8). Let o(g) = -g**2 + 9*g - 5. Let j be o(c). What is the highest common divisor of h and j?
15
Let y(n) = -8*n - n - 7 + 2*n. Suppose -s + 5*l - 25 = 0, -1 = -0*s + s + l. Let m be y(s). What is the greatest common factor of 4 and m?
4
Let c be -4 + 15 + 6/(-2). Let j = c - -5. What is the highest common divisor of 91 and j?
13
Suppose -7*k + 2*k - 50 = 0. Let s = 30 - k. What is the highest common divisor of 16 and s?
8
Suppose -2*x + 12 + 2 = 0. Suppose -6*r = -x*r + 30. Calculate the greatest common factor of 5 and r.
5
Suppose -b - 6 = -2*b. Let o(f) = -3 + 4*f**2 - 4*f**2 - f**3 + 0*f**2 - 2*f**2. Let x be o(-3). Calculate the highest common divisor of b and x.
6
Let n = 7 + -11. Let s = n - -7. Suppose -2*w + r = -47 + 7, -50 = -s*w - r. Calculate the highest common factor of w and 12.
6
Let p(r) = 35*r - 5. Let z be p(7). Suppose -2*m = 3*m - z. What is the greatest common divisor of m and 32?
16
Let o(y) = y**2 - 13*y - 6. Suppose 3*z = 5*z - 30. Let n be o(z). Calculate the greatest common divisor of n and 24.
24
Suppose -9 = -3*t, 142 + 113 = 4*z + t. Suppose 0*i - z = -3*i. Suppose 6 = -2*s + 20. Calculate the highest common divisor of i and s.
7
Let h(g) = -g - 13. Let k be h(0). Let q = k + 29. Calculate the greatest common factor of 8 and q.
8
Suppose 0 = -2*c + 5*d + 5 + 6, -2*c + 4*d + 10 = 0. Let r = 5 - c. Calculate the greatest common divisor of 22 and r.
2
Let q be 6/(-15) - 17/(-5). Suppose -q*b - 2*b = -145. Suppose -3*p = 3*l - 39, 8*p = -2*l + 3*p + b. What is the highest common factor of 8 and l?
4
Let u = -10 + 12. Suppose 0 + 12 = u*d + 2*o, -5*d = -o. Calculate the highest common factor of 4 and d.
1
Suppose -5*l + 209 = 3*y, 0 = -4*y + 2*l + 165 + 105. Calculate the greatest common factor of y and 34.
34
Let f = -6 - -17. Let b be (-3 - 85)/(-2)*1. What is the highest common factor of b and f?
11
Let g be -1 + 5 + -2 + 3*2. What is the highest common divisor of 24 and g?
8
Suppose -22 + 292 = 2*g. Calculate the greatest common divisor of 15 and g.
15
Let o(l) = l**3 + 16*l**2 + l + 18. Let b be o(-16). Calculate the highest common divisor of b and 8.
2
Let k = 5 + -3. Let r be 6 + 3/(-1) + k. Calculate the highest common factor of r and 25.
5
Let l be (-244)/(-5) + 4/20. Calculate the greatest common factor of l and 7.
7
Let j = 35 + -24. What is the highest common divisor of j and 1?
1
Let q be 2 - (2 + -3) - -5. Let z(i) = i**2 + 4*i - 4. Let v be z(-6). Calculate the highest common factor of v and q.
8
Let g be 2 - ((-12)/(-4) - 55). What is the highest common factor of g and 6?
6
Let i(o) = 3*o**2. Let k be i(-1). Suppose -k*q - 8 + 80 = 0. Calculate the greatest common divisor of q and 60.
12
Let o(n) = -119*n + 1. Let d be o(-1). What is the greatest common divisor of d and 20?
20
Let x = -15 + 39. Let o be -2 + 3*(-5)/(-3). Calculate the greatest common divisor of x and o.
3
Let c = -56 + 136. What is the greatest common divisor of 32 and c?
16
Suppose 8*z = -5*j + 3*z + 65, 0 = 5*j + 4*z - 64. Calculate the greatest common divisor of 18 and j.
6
Let y(l) = -l**2 + 5*l + 1. Let n be y(4). Let q = n - 4. Calculate the highest common divisor of q and 1.
1
Let j = 0 - -3. Suppose 4*m - j*y - 75 = 0, -y + 3*y = 2*m - 36. Suppose 5*z - 3 = -4*x, -z - z + 5*x = -m. What is the highest common factor of 9 and z?
3
Suppose -2*t = -3*w + w - 282, 3*t + 4*w = 437. Let j = -30 + 43. What is the greatest common divisor of t and j?
13
Suppose -2*k = 3*g - 33, 4*g + 5 + 7 = 2*k. What is the highest common factor of k and 20?
4
Suppose -3*z = -33 - 0. Let f(g) = g**2 - 7*g - 2. Let p be f(z). Calculate the highest common factor of p and 63.
21
Let y(d) = 28*d - 4. Let w be y(4). What is the greatest common divisor of 12 and w?
12
Let k = -33 + 62. Let r = k + -18. Calculate the highest common factor of 121 and r.
11
Let x(a) = -a**3 - 6*a**2 + 10*a - 9. Let u be x(-8). Calculate the highest common divisor of 52 and u.
13
Let d = -49 - -137. Calculate the highest common factor of 11 and d.
11
Let m(o) = o**2. Let v be m(-2). Suppose 44 + 20 = v*b. Let q(h) = 59*h - 1. Let f be q(3). Calculate the greatest common factor of f and b.
16
Let o(w) = 30*w - 1. Let j be o(1). Suppose 2*k - 183 = -j. Calculate the greatest common factor of 7 and k.
7
Let l be -2*1 - (-3 + -31 + 3). What is the highest common divisor of 87 and l?
29
Let s(n) = n**2 + 8*n - 1. Let k be s(-11). Calculate the highest common divisor of 8 and k.
8
Suppose 360 = 2*c + c. Calculate the greatest common divisor of c and 40.
40
Let z = -2 - -4. Suppose -16 = -4*c + z*c. Calculate the highest common divisor of 64 and c.
8
Let u be 10/35 + (-78)/(-21). Suppose 0 = -3*q - 4*h + 52, 5*h = q + u + 4. Calculate the greatest common divisor of 132 and q.
12
Suppose 0 = -0*r - 8*r + 288. Suppose 0*c + 2*c - 4*g = 192, 2*c = 3*g + 189. Calculate the greatest common divisor of r and c.
18
Let g(r) = 48*r**3. Let w be g(1). Let o(l) = l**2 + 13*l + 38. Let p be o(-11). What is the greatest common divisor of w and p?
16
Let k(g) = 16*g - 1. Let l be k(1). Suppose 0*t + 4*t + 2*h = 34, 5*h - 31 = -t. What is the highest common divisor of t and l?
3
Let b be (-2)/9 + (-191)/(-9). Suppose -2*i = 4*h + 4, 3*h = -2*i - 0 - 2. Suppose 29 - 1 = i*s. What is the highest common factor of b and s?
7
Suppose 37 = 5*j + r, 0*r = 4*j - r - 26. What is the greatest common factor of j and 7?
7
Suppose -81 - 169 = -5*d. What is the greatest common factor of d and 10?
10
Suppose 5*l - 5*d - 30 = 0, -4 = -l + 2*d - 0*d. What is the highest common divisor of l and 88?
8
Let z = -8 + 10. Suppose -3*l - 47 = -z*c, -2*c + 4*l + 107 = 3*c. What is the highest common factor of c and 190?
19
Let r = 224 - 158. What is the highest common divisor of r and 22?
22
Let f be -203 + -2 + -1*2. Let z = f + 357. Let p = 294 - z. Calculate the highest common factor of 16 and p.
16
Suppose -16*c + 990 = -11*c. What is the highest common divisor of c and 18?
18
Suppose 0 = 2*x + 4*s - 32, 83 = 3*x - 5*s + 4*s. Suppose 0 = -3*z - 9, -2*z = -0*v - 2*v + 32. Calculate the greatest common divisor of v and x.
13
Let d = 11 + -7. Let b(o) = -2*o - 16. Let k(f) = f + 8. Let h(a) = -4*b(a) - 7*k(a). Let g be h(-4). Calculate the greatest common factor of g and d.
4
Suppose -5*k + 151 = -29. Calculate the greatest common factor of k and 9.
9
Let p = 5 + 7. Suppose 3*m + 75 = 6*m + 5*l, -4*m - 2*l = -114. What is the highest common factor of p and m?
6
Suppose 2*c + 5*y - 3*y = 16, -2*c - y + 18 = 0. Calculate the greatest common divisor of 90 and c.
10
Let m = -3 - -78. Calculate the highest common factor of 15 and m.
15
Let d = -7 + 12. Suppose -4*i + 6 + 5 = -5*x, -2*i + 3*x + d = 0. Suppose 3*t - i*t = -1. Calculate the highest common factor of t and 10.
1
Suppose -4*h = 4*s - 20, s + 1 = 3*h + 2. Suppose 3*q = 4*q - 4*o + h, 5*o = 5. What is the greatest common divisor of 24 and q?
3
Suppose 0 = -3*t - 90 + 300. Suppose -3*m - 45 = -0*a - 4*a, 4*a + 2*m = t. What is the greatest common divisor of a and 60?
15
Suppose 3*z = 5*p - 425, -p + 1 = 3*z - 102. Let w(a) = 2*a - 2*a**3 + 3*a**3 - 1 + 1 - 4*a**2. Let u be w(4). Calculate the greatest common factor of p and u.
8
Let u(v) = -v**3 + 6*v**2 - 3*v - 3. Let a be u(5). Let x(d) = 3*d**2 + 5*d + 2. Let l be x(-3). What is the greatest common factor of a and l?
7
Suppose 36 = -2*b + 4*b. Suppose g = -2*g + 27. Calculate the greatest common divisor of g and b.
9
Let r be 4 + -1 - (6 - 3). Suppose l + l - 4 = r. Suppose l*g = g + 70. What is the greatest common factor of g and 10?
10
Let o be 37 + (-3)/12 + (-9)/(-4). Calculate the greatest common factor of 52 and o.
13
Let o = -27 - -44. What is the highest common divisor of 68 and o?
17
Let p be (-12)/(-30) - 223/(-5). Calculate the highest common divisor of p and 27.
9
Let q = -185 - -608. Suppose 0 = -4*z + 109 + q. What is the greatest common divisor of 19 and z?
19
Let m = 14 + -9. Suppose 23 = 2*k + 3. Calculate the highest common divisor of k and m.
5
Let p be (-9 + -6)*(0 + -1). Calculate the greates